{"id":3450,"date":"2020-06-15T05:21:44","date_gmt":"2020-06-15T04:21:44","guid":{"rendered":"http:\/\/bcpst-svt-parc.fr\/wordpress\/?page_id=3450"},"modified":"2022-07-18T16:09:20","modified_gmt":"2022-07-18T15:09:20","slug":"les-cailloux-confines","status":"publish","type":"page","link":"http:\/\/bcpst-svt-parc.fr\/wordpress\/?page_id=3450","title":{"rendered":"Les \u00ab\u00a0cailloux confin\u00e9s\u00a0\u00bb"},"content":{"rendered":"\n<h3 class=\"wp-block-heading\"><strong>Les\ncailloux confin\u00e9s \u00e0 regarder pour les TP et le cours de s\u00e9dimento<\/strong><\/h3>\n\n\n\n<figure class=\"wp-block-table\"><table><tbody><tr><td><strong>N<\/strong>\u00b0<\/td><td>\n  <strong>Nom et lien<\/strong>\n  <\/td><td>\n  <strong>Auteur<\/strong>\n  <\/td><\/tr><tr><td>68 <\/td><td><a href=\"https:\/\/www.youtube.com\/watch?v=ua8rH39z32w\">des ocres du Roussillon<\/a>   <\/td><td>C. Ganino   <\/td><\/tr><tr><td>62<\/td><td><a href=\"https:\/\/www.youtube.com\/watch?v=mefsvtIAEVY\">du gypse fibreux, une \u00e9vaporite de la c\u00f4te basque<\/a>   <\/td><td>L. Economid\u00e8s   <\/td><\/tr><tr><td>59<\/td><td><a href=\"https:\/\/www.youtube.com\/watch?v=Z3aHceXjSag\">un galet de quartzite dans un mur lyonnais<\/a>   <\/td><td>F. Celle    <\/td><\/tr><tr><td>56<\/td><td><a href=\"https:\/\/www.youtube.com\/watch?v=rtcfDzmwzL8\">une argilite \u00e0 fossiles de Pecopteris<\/a>   <\/td><td>D. Jaujard   <\/td><\/tr><tr><td>52<\/td><td><a href=\"https:\/\/www.youtube.com\/watch?v=VnP9OhfY_1Q\">des onco\u00efdes dans un calcaire de Provence<\/a>   <\/td><td>L. Economid\u00e8s   <\/td><\/tr><tr><td>51<\/td><td><a href=\"https:\/\/www.youtube.com\/watch?v=lQ4yuioF-kU\">charbon de Graissesac<\/a>   <\/td><td>D. Jaujard   <\/td><\/tr><tr><td>48<\/td><td><a href=\"https:\/\/www.youtube.com\/watch?v=TYTGECnmZNA\">un calcaire bitumineux des mines du   Gard<\/a>   <\/td><td>F. Celle   <\/td><\/tr><tr><td>46<\/td><td><a href=\"https:\/\/www.youtube.com\/watch?v=fw3aPz-6TZs\">un encro\u00fbtement noir assez moche mais int\u00e9ressant<\/a>   <\/td><td>E. Martin    <\/td><\/tr><tr><td>38<\/td><td><a href=\"https:\/\/www.youtube.com\/watch?v=C3d8RMpGK8o\">des calcaires de Solnhofen<\/a>   <\/td><td>S. P\u00e9ron   <\/td><\/tr><tr><td>32<\/td><td> <a href=\"https:\/\/www.youtube.com\/watch?v=BeyGa5t%20RyZE&amp;list=PUXs9Q2DG8_QMWDY-h_mRyEA&amp;index=8\">un calcaire urgonien de Chartreuse<\/a>   <\/td><td>M. Dubernet    <\/td><\/tr><tr><td>31<\/td><td><a href=\"https:\/\/www.youtube.com\/watch?v=O1_nv4OoEkk&amp;list=PUXs9Q2DG8_QMWDY-h_mRyEA&amp;index=14\">une bauxite<\/a>   <\/td><td>D. Jaujard   <\/td><\/tr><tr><td> 9<\/td><td><a href=\"https:\/\/www.youtube.com\/watch?v=XiEzmiAxhvo\">un gr\u00e8s des Vosges avec des fossiles de plantes<\/a>   <\/td><td>D. Jaujard   <\/td><\/tr><tr><td> 2<\/td><td> <a href=\"https:\/\/www.youtube.com\/watch?v=qU6gxEpwNzE&amp;list=PLdurZTJBaKbqOyBTMSsjwdEM3TOdiPMc5\">un stromatolite<\/a>   <\/td><td>L. Economid\u00e8s   <\/td><\/tr><\/tbody><\/table><\/figure>\n\n\n\n<h3 class=\"wp-block-heading\"><strong>Les\ncailloux confin\u00e9s \u00e0 regarder pour le chapitre \u00ab&nbsp;Ressources&nbsp;\u00bb<\/strong><\/h3>\n\n\n\n<figure class=\"wp-block-table\"><table><tbody><tr><td><strong>N\u00b0<\/strong><\/td><td>\n  <strong>Nom et lien<\/strong>\n  <\/td><td>\n  <strong>Auteur<\/strong>\n  <\/td><\/tr><tr><td>71<\/td><td><a href=\"https:\/\/www.youtube.com\/watch?v=AG6qQ7e_-Wc\">un minerai de   sulfures de fer et de nickel d\u2019Aguablanca (Espagne)<\/a>   <\/td><td>C. Ganino   <\/td><\/tr><tr><td>67<\/td><td><a href=\"https:\/\/www.youtube.com\/watch?v=sAcfnEJYrAQ\">une chromite du Bushveld (Afrique du Sud) et son diagramme de phase<\/a>   <\/td><td>C. Ganino   <\/td><\/tr><tr><td>62<\/td><td><a href=\"https:\/\/www.youtube.com\/watch?v=mefsvtIAEVY\">du gypse fibreux, une \u00e9vaporite de la c\u00f4te basque<\/a>   <\/td><td>L. Economid\u00e8s   <\/td><\/tr><tr><td>60<\/td><td><a href=\"https:\/\/www.youtube.com\/watch?v=6zIhpQU_le8\">un morceau de b\u00e9ton<\/a>   <\/td><td>C. Ganino   <\/td><\/tr><tr><td>51<\/td><td><a href=\"https:\/\/www.youtube.com\/watch?v=lQ4yuioF-kU\">charbon de Graissesac<\/a>   <\/td><td>D. Jaujard   <\/td><\/tr><tr><td>31<\/td><td><a href=\"https:\/\/www.youtube.com\/watch?v=O1_nv4OoEkk&amp;list=PUXs9Q2DG8_QMWDY-h_mRyEA&amp;index=14\">une bauxite<\/a>   <\/td><td>D. Jaujard   <\/td><\/tr><\/tbody><\/table><\/figure>\n\n\n\n<p><\/p>\n","protected":false},"excerpt":{"rendered":"<p>Les cailloux confin\u00e9s \u00e0 regarder pour les TP et le cours de s\u00e9dimento N\u00b0 Nom et lien Auteur 68 des ocres du Roussillon C. Ganino 62 du gypse fibreux, une \u00e9vaporite de la c\u00f4te basque L. Economid\u00e8s 59 un galet &hellip; <a href=\"http:\/\/bcpst-svt-parc.fr\/wordpress\/?page_id=3450\">Continuer la lecture <span class=\"meta-nav\">&rarr;<\/span><\/a><\/p>\n","protected":false},"author":1,"featured_media":0,"parent":57,"menu_order":0,"comment_status":"closed","ping_status":"closed","template":"","meta":{"footnotes":""},"class_list":["post-3450","page","type-page","status-publish","hentry"],"_links":{"self":[{"href":"http:\/\/bcpst-svt-parc.fr\/wordpress\/index.php?rest_route=\/wp\/v2\/pages\/3450","targetHints":{"allow":["GET"]}}],"collection":[{"href":"http:\/\/bcpst-svt-parc.fr\/wordpress\/index.php?rest_route=\/wp\/v2\/pages"}],"about":[{"href":"http:\/\/bcpst-svt-parc.fr\/wordpress\/index.php?rest_route=\/wp\/v2\/types\/page"}],"author":[{"embeddable":true,"href":"http:\/\/bcpst-svt-parc.fr\/wordpress\/index.php?rest_route=\/wp\/v2\/users\/1"}],"replies":[{"embeddable":true,"href":"http:\/\/bcpst-svt-parc.fr\/wordpress\/index.php?rest_route=%2Fwp%2Fv2%2Fcomments&post=3450"}],"version-history":[{"count":2,"href":"http:\/\/bcpst-svt-parc.fr\/wordpress\/index.php?rest_route=\/wp\/v2\/pages\/3450\/revisions"}],"predecessor-version":[{"id":4885,"href":"http:\/\/bcpst-svt-parc.fr\/wordpress\/index.php?rest_route=\/wp\/v2\/pages\/3450\/revisions\/4885"}],"up":[{"embeddable":true,"href":"http:\/\/bcpst-svt-parc.fr\/wordpress\/index.php?rest_route=\/wp\/v2\/pages\/57"}],"wp:attachment":[{"href":"http:\/\/bcpst-svt-parc.fr\/wordpress\/index.php?rest_route=%2Fwp%2Fv2%2Fmedia&parent=3450"}],"curies":[{"name":"wp","href":"https:\/\/api.w.org\/{rel}","templated":true}]}}