{"id":3519,"date":"2020-07-06T16:54:07","date_gmt":"2020-07-06T15:54:07","guid":{"rendered":"http:\/\/bcpst-svt-parc.fr\/wordpress\/?page_id=3519"},"modified":"2025-10-19T15:33:58","modified_gmt":"2025-10-19T14:33:58","slug":"tp-de-geologie","status":"publish","type":"page","link":"http:\/\/bcpst-svt-parc.fr\/wordpress\/?page_id=3519","title":{"rendered":"TP de sciences de la Terre"},"content":{"rendered":"\n<div data-wp-interactive=\"core\/file\" class=\"wp-block-file\"><object data-wp-bind--hidden=\"!state.hasPdfPreview\" hidden class=\"wp-block-file__embed\" data=\"http:\/\/bcpst-svt-parc.fr\/wordpress\/wp-content\/uploads\/2024\/11\/Les-roches-et-fossiles-a-savoir-identifier.pdf\" type=\"application\/pdf\" style=\"width:100%;height:200px\" aria-label=\"Contenu embarqu\u00e9 Les roches, min\u00e9raux et fossiles \u00e0 savoir identifier.\"><\/object><a id=\"wp-block-file--media-c09aaa8e-fa7d-43f1-a2a9-a98f834226fe\" href=\"http:\/\/bcpst-svt-parc.fr\/wordpress\/wp-content\/uploads\/2024\/11\/Les-roches-et-fossiles-a-savoir-identifier.pdf\">Les roches, min\u00e9raux et fossiles \u00e0 savoir identifier<\/a><\/div>\n\n\n\n<p>__________________________________________<\/p>\n\n\n\n<div class=\"wp-block-file\"><a id=\"wp-block-file--media-0d377872-c44d-4f35-9564-b642b97593c2\" href=\"http:\/\/bcpst-svt-parc.fr\/wordpress\/wp-content\/uploads\/2023\/09\/TP-ST-F-1-Magmatisme-1_953.pdf\">TP-ST-F-1-Magmatisme-1_953<\/a><\/div>\n\n\n\n<div class=\"wp-block-file\"><a id=\"wp-block-file--media-0bc5ed4a-0135-4171-baba-0990f7e57222\" href=\"http:\/\/bcpst-svt-parc.fr\/wordpress\/wp-content\/uploads\/2022\/09\/TP-ST-F-1.pdf\">TP-ST-F-1<\/a><\/div>\n\n\n\n<div class=\"wp-block-file\"><a id=\"wp-block-file--media-7c13e92e-1029-456f-bb42-11773169dbf0\" href=\"http:\/\/bcpst-svt-parc.fr\/wordpress\/wp-content\/uploads\/2023\/09\/ST-F-2-TP-Magmatisme-2_953-1.pdf\">TP ST-F-2-Magmatisme-2_953<\/a><\/div>\n\n\n\n<div class=\"wp-block-file\"><a id=\"wp-block-file--media-675c21e6-f5da-449a-975b-8dabbb6c035c\" href=\"http:\/\/bcpst-svt-parc.fr\/wordpress\/wp-content\/uploads\/2022\/09\/TP-ST-F-2-.pdf\">TP-ST-F-2-<\/a><\/div>\n\n\n\n<div class=\"wp-block-file\"><a id=\"wp-block-file--media-d816f761-cc46-43a2-9513-1bb6a532f10a\" href=\"http:\/\/bcpst-svt-parc.fr\/wordpress\/wp-content\/uploads\/2022\/10\/Diaporama-correction-des-exercices-de-cartographie-.pdf\">Diaporama-correction-des-exercices-de-cartographie-<\/a><\/div>\n\n\n\n<p>_________________________________________<\/p>\n\n\n\n<div class=\"wp-block-file\"><a id=\"wp-block-file--media-afa8675e-86b5-4667-88c1-c5159c67b5d2\" href=\"http:\/\/bcpst-svt-parc.fr\/wordpress\/wp-content\/uploads\/2022\/11\/TP-ST-G-Metamorphisme.pdf\">TP-ST-G-Metamorphisme<\/a><\/div>\n\n\n\n<div class=\"wp-block-file\"><a id=\"wp-block-file--media-bb68b457-8869-4b9d-91c4-7a016282654b\" href=\"http:\/\/bcpst-svt-parc.fr\/wordpress\/wp-content\/uploads\/2023\/11\/TP-ST-G-Metamorphisme_953.pdf\">TP-ST-G-M\u00e9tamorphisme_953<\/a><\/div>\n\n\n\n<p>_________________________________________<\/p>\n\n\n\n<div class=\"wp-block-file\"><a id=\"wp-block-file--media-27b55a17-8d8d-4c7e-b656-7225f9e2375b\" href=\"http:\/\/bcpst-svt-parc.fr\/wordpress\/wp-content\/uploads\/2024\/02\/TP1-ST-J1-Grands-ensembles-Alpes_953.pdf\">TP1-ST-J1-Grands-ensembles-Alpes_953<\/a><\/div>\n\n\n\n<div class=\"wp-block-file\"><a id=\"wp-block-file--media-700d2aca-f97e-447e-96f0-acf7f19f6937\" href=\"http:\/\/bcpst-svt-parc.fr\/wordpress\/wp-content\/uploads\/2023\/03\/TP1-ST-J1-Grands-ensembles-Alpes-pour-site-.pdf\">TP1-ST-J1-Grands-ensembles-Alpes C Perrier-<\/a><\/div>\n\n\n\n<div class=\"wp-block-file\"><a id=\"wp-block-file--media-29862a91-8038-42ea-8e96-e6b034a5e14f\" href=\"http:\/\/bcpst-svt-parc.fr\/wordpress\/wp-content\/uploads\/2024\/02\/TP2-ST-J1-Objets-tectoniques_953.pdf\">TP2-ST-J1-Objets-tectoniques_953<\/a><\/div>\n\n\n\n<div class=\"wp-block-file\"><a id=\"wp-block-file--media-2b45199a-c4cd-4c4e-8dbe-7c8bc037925d\" href=\"http:\/\/bcpst-svt-parc.fr\/wordpress\/wp-content\/uploads\/2023\/03\/TP2-ST-J-1-Objets-tectoniques.pdf\">TP2-ST-J-1-Objets-tectoniques C Perrier<\/a><\/div>\n\n\n\n<div class=\"wp-block-file\"><a id=\"wp-block-file--media-6729cb00-b50d-479d-9963-20e384d00ac8\" href=\"http:\/\/bcpst-svt-parc.fr\/wordpress\/wp-content\/uploads\/2024\/03\/TP3-ST-J1-Ocean-alpin_953.pdf\">TP3-ST-J1-Ocean-alpin_953<\/a><\/div>\n\n\n\n<div class=\"wp-block-file\"><a id=\"wp-block-file--media-d49c6268-307a-4355-ae22-25fa419a09f1\" href=\"http:\/\/bcpst-svt-parc.fr\/wordpress\/wp-content\/uploads\/2023\/03\/TP3-ST-J1-Ocean-alpin.pdf\">TP3-ST-J1-Ocean-alpin<\/a><\/div>\n\n\n\n<div class=\"wp-block-file\"><a id=\"wp-block-file--media-87e4998c-b445-468e-9661-b7c14ed36c99\" href=\"http:\/\/bcpst-svt-parc.fr\/wordpress\/wp-content\/uploads\/2024\/03\/TP-ST-J2-Quelques-grands-ensembles-structuraux-francais_953.pdf\">TP-ST-J-2-Quelques-grands-ensembles-structuraux-francais_953<\/a><\/div>\n\n\n\n<div class=\"wp-block-file\"><a id=\"wp-block-file--media-a0a7edca-e79a-4812-9919-9928d66bd406\" href=\"https:\/\/bcpst-svt-parc.fr\/wordpress\/wp-content\/uploads\/2025\/03\/TP-ST-J2-Quelques-grands-ensembles-structuraux-francais-version-2025.pdf\">TP ST J2 Quelques grands ensembles structuraux fran\u00e7ais version 2025<\/a><\/div>\n\n\n\n<div class=\"wp-block-file\"><a id=\"wp-block-file--media-e34b7fdf-e318-4dd5-a345-7c41ee76bdfe\" href=\"http:\/\/bcpst-svt-parc.fr\/wordpress\/wp-content\/uploads\/2016\/01\/L\u00e9gendes-de-la-carte-g\u00e9ologique-de-la-France-au-1.pdf\">L\u00e9gendes de la carte g\u00e9ologique de la France au 1\/ 1 000 000<\/a><\/div>\n","protected":false},"excerpt":{"rendered":"<p>__________________________________________ _________________________________________ _________________________________________<\/p>\n","protected":false},"author":1,"featured_media":2069,"parent":756,"menu_order":0,"comment_status":"closed","ping_status":"closed","template":"","meta":{"footnotes":""},"class_list":["post-3519","page","type-page","status-publish","has-post-thumbnail","hentry"],"_links":{"self":[{"href":"http:\/\/bcpst-svt-parc.fr\/wordpress\/index.php?rest_route=\/wp\/v2\/pages\/3519","targetHints":{"allow":["GET"]}}],"collection":[{"href":"http:\/\/bcpst-svt-parc.fr\/wordpress\/index.php?rest_route=\/wp\/v2\/pages"}],"about":[{"href":"http:\/\/bcpst-svt-parc.fr\/wordpress\/index.php?rest_route=\/wp\/v2\/types\/page"}],"author":[{"embeddable":true,"href":"http:\/\/bcpst-svt-parc.fr\/wordpress\/index.php?rest_route=\/wp\/v2\/users\/1"}],"replies":[{"embeddable":true,"href":"http:\/\/bcpst-svt-parc.fr\/wordpress\/index.php?rest_route=%2Fwp%2Fv2%2Fcomments&post=3519"}],"version-history":[{"count":39,"href":"http:\/\/bcpst-svt-parc.fr\/wordpress\/index.php?rest_route=\/wp\/v2\/pages\/3519\/revisions"}],"predecessor-version":[{"id":6600,"href":"http:\/\/bcpst-svt-parc.fr\/wordpress\/index.php?rest_route=\/wp\/v2\/pages\/3519\/revisions\/6600"}],"up":[{"embeddable":true,"href":"http:\/\/bcpst-svt-parc.fr\/wordpress\/index.php?rest_route=\/wp\/v2\/pages\/756"}],"wp:featuredmedia":[{"embeddable":true,"href":"http:\/\/bcpst-svt-parc.fr\/wordpress\/index.php?rest_route=\/wp\/v2\/media\/2069"}],"wp:attachment":[{"href":"http:\/\/bcpst-svt-parc.fr\/wordpress\/index.php?rest_route=%2Fwp%2Fv2%2Fmedia&parent=3519"}],"curies":[{"name":"wp","href":"https:\/\/api.w.org\/{rel}","templated":true}]}}