{"id":5594,"date":"2023-09-17T16:41:06","date_gmt":"2023-09-17T15:41:06","guid":{"rendered":"http:\/\/bcpst-svt-parc.fr\/wordpress\/?page_id=5594"},"modified":"2024-10-16T19:55:57","modified_gmt":"2024-10-16T18:55:57","slug":"ds-2023-2024","status":"publish","type":"page","link":"http:\/\/bcpst-svt-parc.fr\/wordpress\/?page_id=5594","title":{"rendered":"DS 2023 &#8211; 2024"},"content":{"rendered":"\n<div class=\"wp-block-file\"><a id=\"wp-block-file--media-4ad5e540-1f12-4916-b1d0-eed0664b9b1d\" href=\"http:\/\/bcpst-svt-parc.fr\/wordpress\/wp-content\/uploads\/2023\/09\/DS1-950_2023-2024-V3-DS1-950_2023-2024-V3.pdf\">DS 1-950_2023-2024 : \u00c9preuve de g\u00e9ologie<\/a><\/div>\n\n\n\n<div class=\"wp-block-file\"><a id=\"wp-block-file--media-0fc4ba6d-15dd-49b8-bf98-677ddfc2d6a1\" href=\"http:\/\/bcpst-svt-parc.fr\/wordpress\/wp-content\/uploads\/2023\/09\/Correction-DS1-23-24-V2.pdf\">\u00c9l\u00e9ments de correction du DS 1 2023-2024<\/a><\/div>\n\n\n\n<div class=\"wp-block-file\"><a id=\"wp-block-file--media-9a0c07d9-9ed6-49a1-bdde-72d9ead50d78\" href=\"http:\/\/bcpst-svt-parc.fr\/wordpress\/wp-content\/uploads\/2023\/10\/DS-2-2023-2023_complet-V1.pdf\">DS 2-950_2023-2024 : \u00c9preuve de SVT sur support de documents<\/a><\/div>\n\n\n\n<div class=\"wp-block-file\"><a id=\"wp-block-file--media-9fa493cc-06ad-4c2d-ab07-408c2926de18\" href=\"http:\/\/bcpst-svt-parc.fr\/wordpress\/wp-content\/uploads\/2023\/10\/DS-2-2023-2024_Corrige-complet.pdf\">\u00c9l\u00e9ments de correction du DS 2 2023-2024<\/a><\/div>\n\n\n\n<div class=\"wp-block-file\"><a id=\"wp-block-file--media-3868c7bc-600c-4aa3-93c3-953d9159cef3\" href=\"http:\/\/bcpst-svt-parc.fr\/wordpress\/wp-content\/uploads\/2023\/11\/DS-3-2023-2024.pdf\">DS 3-950_2023-2024 : \u00c9preuve de synth\u00e8se<\/a><\/div>\n\n\n\n<div class=\"wp-block-file\"><a id=\"wp-block-file--media-572ccdcc-9443-4096-9f14-85c94742229a\" href=\"http:\/\/bcpst-svt-parc.fr\/wordpress\/wp-content\/uploads\/2023\/11\/Corrige-DS-3-2023-24_Anne.pdf\">\u00c9l\u00e9ments de correction du DS 3 2023-2024<\/a><\/div>\n\n\n\n<div class=\"wp-block-file\"><a id=\"wp-block-file--media-999f7757-fdfd-4ba3-8f88-53892ab3ab51\" href=\"http:\/\/bcpst-svt-parc.fr\/wordpress\/wp-content\/uploads\/2023\/12\/DS-4-complet-V2.pdf\">DS 4-950_2023-2024 : Synth\u00e8se + \u00e9preuve sur support de documents de g\u00e9ologie<\/a><\/div>\n\n\n\n<div class=\"wp-block-file\"><a id=\"wp-block-file--media-9f4a71ab-5724-476b-848a-5537c8df4886\" href=\"http:\/\/bcpst-svt-parc.fr\/wordpress\/wp-content\/uploads\/2024\/01\/DS-4-2023-2024_Elements-de-correction.pdf\">\u00c9l\u00e9ments de correction du DS 4 2023-2024<\/a><\/div>\n\n\n\n<div class=\"wp-block-file\"><a id=\"wp-block-file--media-411eadb2-2dfc-4c88-9651-cff41883ecbe\" href=\"http:\/\/bcpst-svt-parc.fr\/wordpress\/wp-content\/uploads\/2024\/02\/DS-5-2023-2024.pdf\">DS-5-950_2023-2024 : \u00c9preuve de synth\u00e8se<\/a><\/div>\n\n\n\n<div class=\"wp-block-file\"><a id=\"wp-block-file--media-4c3b7323-431a-4c33-ae73-6fc9ca7fd341\" href=\"http:\/\/bcpst-svt-parc.fr\/wordpress\/wp-content\/uploads\/2024\/02\/DS-5_Le-sol-et-les-etres-vivants_correction-V-finale.pdf\">\u00c9l\u00e9ments de correction du DS 5 2023-2024<\/a><\/div>\n\n\n\n<div class=\"wp-block-file\"><a id=\"wp-block-file--media-b392d882-7002-40c7-a2a4-a7fc08348265\" href=\"http:\/\/bcpst-svt-parc.fr\/wordpress\/wp-content\/uploads\/2024\/03\/DS-6-2023-2024_complet-V-finale.pdf\">DS-6-950 2023-2024 : \u00c9preuve de SVT sur support de documents<\/a><\/div>\n\n\n\n<div class=\"wp-block-file\"><a id=\"wp-block-file--media-6fb70c19-56b7-4ecc-8424-6e947736dc9e\" href=\"http:\/\/bcpst-svt-parc.fr\/wordpress\/wp-content\/uploads\/2024\/03\/DS-6-2023-2024_correction-complete_adapte-Anne.pdf\">\u00c9l\u00e9ments de correction du DS-6-2023-2024<\/a><\/div>\n","protected":false},"excerpt":{"rendered":"","protected":false},"author":1,"featured_media":3440,"parent":350,"menu_order":0,"comment_status":"closed","ping_status":"closed","template":"","meta":{"footnotes":""},"class_list":["post-5594","page","type-page","status-publish","has-post-thumbnail","hentry"],"_links":{"self":[{"href":"http:\/\/bcpst-svt-parc.fr\/wordpress\/index.php?rest_route=\/wp\/v2\/pages\/5594","targetHints":{"allow":["GET"]}}],"collection":[{"href":"http:\/\/bcpst-svt-parc.fr\/wordpress\/index.php?rest_route=\/wp\/v2\/pages"}],"about":[{"href":"http:\/\/bcpst-svt-parc.fr\/wordpress\/index.php?rest_route=\/wp\/v2\/types\/page"}],"author":[{"embeddable":true,"href":"http:\/\/bcpst-svt-parc.fr\/wordpress\/index.php?rest_route=\/wp\/v2\/users\/1"}],"replies":[{"embeddable":true,"href":"http:\/\/bcpst-svt-parc.fr\/wordpress\/index.php?rest_route=%2Fwp%2Fv2%2Fcomments&post=5594"}],"version-history":[{"count":13,"href":"http:\/\/bcpst-svt-parc.fr\/wordpress\/index.php?rest_route=\/wp\/v2\/pages\/5594\/revisions"}],"predecessor-version":[{"id":6006,"href":"http:\/\/bcpst-svt-parc.fr\/wordpress\/index.php?rest_route=\/wp\/v2\/pages\/5594\/revisions\/6006"}],"up":[{"embeddable":true,"href":"http:\/\/bcpst-svt-parc.fr\/wordpress\/index.php?rest_route=\/wp\/v2\/pages\/350"}],"wp:featuredmedia":[{"embeddable":true,"href":"http:\/\/bcpst-svt-parc.fr\/wordpress\/index.php?rest_route=\/wp\/v2\/media\/3440"}],"wp:attachment":[{"href":"http:\/\/bcpst-svt-parc.fr\/wordpress\/index.php?rest_route=%2Fwp%2Fv2%2Fmedia&parent=5594"}],"curies":[{"name":"wp","href":"https:\/\/api.w.org\/{rel}","templated":true}]}}