{"id":6034,"date":"2024-05-15T20:08:29","date_gmt":"2024-05-15T19:08:29","guid":{"rendered":"http:\/\/bcpst-svt-parc.fr\/wordpress\/?page_id=6034"},"modified":"2025-05-26T10:13:06","modified_gmt":"2025-05-26T09:13:06","slug":"tp-cours-revisions-953","status":"publish","type":"page","link":"http:\/\/bcpst-svt-parc.fr\/wordpress\/?page_id=6034","title":{"rendered":"TP\/TD r\u00e9visions 953"},"content":{"rendered":"\n<div class=\"wp-block-file\"><a id=\"wp-block-file--media-992772dd-39f4-4d9a-a03d-7a64ea63bbef\" href=\"http:\/\/bcpst-svt-parc.fr\/wordpress\/wp-content\/uploads\/2024\/05\/Revisions-TP-biologie_seance-1-2024.pdf\">Revisions-TP-biologie_s\u00e9ance-1-2025<\/a><\/div>\n\n\n\n<div class=\"wp-block-file\"><a id=\"wp-block-file--media-447154e5-ee27-4454-a70d-013075ea26ee\" href=\"http:\/\/bcpst-svt-parc.fr\/wordpress\/wp-content\/uploads\/2024\/05\/Revisions-TP-biologie_seance-2-2024.pdf\">Revisions-TP-biologie_s\u00e9ance-2-2025<\/a><\/div>\n\n\n\n<div class=\"wp-block-file\"><a id=\"wp-block-file--media-c0a56b31-105f-4eb9-a605-849050130f71\" href=\"http:\/\/bcpst-svt-parc.fr\/wordpress\/wp-content\/uploads\/2024\/05\/Revisions-TP-biologie_seance-3-2024.pdf\">Revisions-TP-biologie_s\u00e9ance-3-2025<\/a><\/div>\n\n\n\n<div data-wp-interactive=\"core\/file\" class=\"wp-block-file\"><object data-wp-bind--hidden=\"!state.hasPdfPreview\" hidden class=\"wp-block-file__embed\" data=\"https:\/\/bcpst-svt-parc.fr\/wordpress\/wp-content\/uploads\/2025\/05\/Fleurs-a-determiner-TP-du-21-et-du-22-mai.pdf\" type=\"application\/pdf\" style=\"width:100%;height:480px\" aria-label=\"Contenu embarqu\u00e9 Fleurs \u00e0 d\u00e9terminer TP du 21 et du 22 mai.\"><\/object><a id=\"wp-block-file--media-3f355da5-4e72-40e1-8fcb-ccd00c8ca4a1\" href=\"https:\/\/bcpst-svt-parc.fr\/wordpress\/wp-content\/uploads\/2025\/05\/Fleurs-a-determiner-TP-du-21-et-du-22-mai.pdf\">Fleurs \u00e0 d\u00e9terminer TP du 21 et du 22 mai<\/a><\/div>\n\n\n\n<div class=\"wp-block-file\"><a id=\"wp-block-file--media-3fc47576-0d93-4851-9730-18ad64a7be2c\" href=\"http:\/\/bcpst-svt-parc.fr\/wordpress\/wp-content\/uploads\/2024\/05\/Revisions-TP-biologie_seance-4-2024.pdf\">Revisions-TP-biologie_s\u00e9ance-4-2025<\/a><\/div>\n\n\n\n<div class=\"wp-block-file\"><a id=\"wp-block-file--media-7f6fd84e-0933-4648-844f-5ec74c442c12\" href=\"http:\/\/bcpst-svt-parc.fr\/wordpress\/wp-content\/uploads\/2024\/06\/Revisions-TP-biologie_seance-6-2024-1.pdf\">Revisions-TP-biologie_s\u00e9ance-5-2025<\/a><\/div>\n\n\n\n<hr class=\"wp-block-separator has-alpha-channel-opacity\"\/>\n\n\n\n<div class=\"wp-block-file\"><a id=\"wp-block-file--media-e06e5e42-23da-4f07-877d-539bd220c349\" href=\"https:\/\/bcpst-svt-parc.fr\/wordpress\/wp-content\/uploads\/2025\/05\/Seance-TD-1-revisions-2025.pdf\">S\u00e9ance TD 1 r\u00e9visions 2025<\/a><\/div>\n\n\n\n<div class=\"wp-block-file\"><a id=\"wp-block-file--media-8bfb05a6-7bf1-4b75-8e16-9f85d93f5a17\" href=\"http:\/\/bcpst-svt-parc.fr\/wordpress\/wp-content\/uploads\/2024\/05\/Seance-TD-2-revisions-2024.pdf\">Seance-TD-2-r\u00e9visions-2025<\/a><\/div>\n\n\n\n<div class=\"wp-block-file\"><a id=\"wp-block-file--media-d2ad3545-4533-418c-8c6e-54cb3c0656fd\" href=\"http:\/\/bcpst-svt-parc.fr\/wordpress\/wp-content\/uploads\/2024\/06\/Seance-TD-3-revisions-2024-1.pdf\">Seance-TD-3-r\u00e9visions-2025<\/a><\/div>\n\n\n\n<hr class=\"wp-block-separator has-alpha-channel-opacity\"\/>\n\n\n\n<p><\/p>\n","protected":false},"excerpt":{"rendered":"","protected":false},"author":1,"featured_media":0,"parent":6029,"menu_order":0,"comment_status":"closed","ping_status":"closed","template":"","meta":{"footnotes":""},"class_list":["post-6034","page","type-page","status-publish","hentry"],"_links":{"self":[{"href":"http:\/\/bcpst-svt-parc.fr\/wordpress\/index.php?rest_route=\/wp\/v2\/pages\/6034","targetHints":{"allow":["GET"]}}],"collection":[{"href":"http:\/\/bcpst-svt-parc.fr\/wordpress\/index.php?rest_route=\/wp\/v2\/pages"}],"about":[{"href":"http:\/\/bcpst-svt-parc.fr\/wordpress\/index.php?rest_route=\/wp\/v2\/types\/page"}],"author":[{"embeddable":true,"href":"http:\/\/bcpst-svt-parc.fr\/wordpress\/index.php?rest_route=\/wp\/v2\/users\/1"}],"replies":[{"embeddable":true,"href":"http:\/\/bcpst-svt-parc.fr\/wordpress\/index.php?rest_route=%2Fwp%2Fv2%2Fcomments&post=6034"}],"version-history":[{"count":21,"href":"http:\/\/bcpst-svt-parc.fr\/wordpress\/index.php?rest_route=\/wp\/v2\/pages\/6034\/revisions"}],"predecessor-version":[{"id":6406,"href":"http:\/\/bcpst-svt-parc.fr\/wordpress\/index.php?rest_route=\/wp\/v2\/pages\/6034\/revisions\/6406"}],"up":[{"embeddable":true,"href":"http:\/\/bcpst-svt-parc.fr\/wordpress\/index.php?rest_route=\/wp\/v2\/pages\/6029"}],"wp:attachment":[{"href":"http:\/\/bcpst-svt-parc.fr\/wordpress\/index.php?rest_route=%2Fwp%2Fv2%2Fmedia&parent=6034"}],"curies":[{"name":"wp","href":"https:\/\/api.w.org\/{rel}","templated":true}]}}